{"id":125559,"date":"2026-04-24T08:21:05","date_gmt":"2026-04-24T07:21:05","guid":{"rendered":"https:\/\/seadream.es\/property\/appartement-a-vendre-calle-vistamar\/"},"modified":"2026-04-24T08:21:05","modified_gmt":"2026-04-24T07:21:05","slug":"appartement-a-vendre-calle-vistamar","status":"publish","type":"property","link":"https:\/\/seadream.es\/fr\/property\/appartement-a-vendre-calle-vistamar\/","title":{"rendered":"Appartement \u00e0 vendre &#8211; Calle Vistamar"},"content":{"rendered":"<div class=\"commentsContainer\" data-url=\"\/ajax\/comment.ajax\">\n<div class=\"comment\">\n<div class=\"adCommentsLanguage expandable\" data-compressed-max-length=\"1650\">\n<p>**Superbe appartement avec vue mer panoramique \u00e0 vendre! **<\/p>\n<p>D\u00e9couvrez ce bien exceptionnel situ\u00e9 dans une zone r\u00e9sidentielle pris\u00e9e, offrant une vue imprenable sur la mer. Avec ses 87 m\u00b2, cet appartement lumineux comprend deux chambres confortables, id\u00e9ales pour se reposer apr\u00e8s une longue journ\u00e9e. La cuisine fonctionnelle est parfaite pour pr\u00e9parer de d\u00e9licieux repas, tandis que la salle de bain bien agenc\u00e9e ajoute une touche de confort.<\/p>\n<p>Le bien est en bon \u00e9tat et dispose d&#8217;armoires encastr\u00e9es pour un rangement optimal. Profitez \u00e9galement d&#8217;un d\u00e9barras pratique pour stocker vos affaires. La climatisation r\u00e9versible vous garantit un confort tout au long de l&#8217;ann\u00e9e, et le chauffage par pompe \u00e0 chaleur \u00e9lectrique assure une efficacit\u00e9 \u00e9nerg\u00e9tique.<\/p>\n<p>En plus de ses atouts int\u00e9rieurs, cet appartement b\u00e9n\u00e9ficie d&#8217;un acc\u00e8s \u00e0 une piscine communautaire pour des moments de d\u00e9tente sous le soleil. Un parking est \u00e9galement inclus pour votre commodit\u00e9. Situ\u00e9 \u00e0 proximit\u00e9 de toutes les commodit\u00e9s et magasins, cet appartement est id\u00e9al pour ceux qui recherchent un cadre de vie agr\u00e9able et pratique.<\/p>\n<p>Ne manquez pas cette opportunit\u00e9 unique d&#8217;acqu\u00e9rir un bien rare avec une vue \u00e0 couper le souffle. Contactez-nous d\u00e8s aujourd&#8217;hui pour organiser une visite!<\/p>\n<\/div>\n<\/div>\n<\/div>\n<section id=\"details\" class=\"details-box\">\n<div id=\"profile-qualification-banner\" class=\"profile-qualification\"><\/div>\n<div id=\"profile-qualification-creation-flow\" class=\"profile-qualification\"><\/div>\n<div class=\"details-property\">\n<div class=\"details-property-feature-one\">\n<h2 class=\"details-property-h2\">Caract\u00e9ristiques<\/h2>\n<div class=\"details-property_features\">\n<ul>\n<li>Surface construite 87 m\u00b2<\/li>\n<li>2 chambres<\/li>\n<li>1 salle de bains<\/li>\n<li>Terrasse<\/li>\n<li>D&#8217;occasion\/en bon \u00e9tat<\/li>\n<li>Armoires encastr\u00e9es<\/li>\n<li>Box de stockage<\/li>\n<li>Orientation ouest<\/li>\n<li>Construit en 1999<\/li>\n<li>Chauffage individuel: \u00c9l\u00e9ctrique<\/li>\n<\/ul>\n<\/div>\n<h2 class=\"details-property-h2\">Immeuble<\/h2>\n<div class=\"details-property_features\">\n<ul>\n<li>Entresol logement sur rue<\/li>\n<li>Sans ascenseur<\/li>\n<\/ul>\n<\/div>\n<\/div>\n<div class=\"details-property-feature-two\">\n<h2 class=\"details-property-h2\">\u00c9quipement<\/h2>\n<div class=\"details-property_features\">\n<ul>\n<li>Climatisation<\/li>\n<li>Piscine<\/li>\n<\/ul>\n<\/div>\n<h2 class=\"details-property-h2\">Diagnostic de performance \u00e9nerg\u00e9tique<\/h2>\n<div class=\"details-property_features\">\n<ul>\n<li style=\"list-style-type: none\">\n<ul>\n<li>Consommation:\u00a0<span class=\"icon-energy-c-d\">99 kWh\/m\u00b2 an<\/span><\/li>\n<li>\u00c9missions:\u00a0<span class=\"icon-energy-c-d\">99 kg CO2\/m\u00b2 an<\/span><\/li>\n<\/ul>\n<\/li>\n<\/ul>\n<div class=\"energy-certificate-dropdown\"><\/div>\n<\/div>\n<\/div>\n<\/div>\n<\/section>\n","protected":false},"excerpt":{"rendered":"<p>**Superbe appartement avec vue mer panoramique \u00e0 vendre! ** D\u00e9couvrez ce bien exceptionnel situ\u00e9 dans une zone r\u00e9sidentielle pris\u00e9e, offrant une vue imprenable sur la mer. Avec ses 87 m\u00b2, cet appartement lumineux comprend deux chambres confortables, id\u00e9ales pour se reposer apr\u00e8s une longue journ\u00e9e. La cuisine fonctionnelle est parfaite pour pr\u00e9parer de d\u00e9licieux repas, [&hellip;]<\/p>\n","protected":false},"author":3,"featured_media":125527,"parent":0,"menu_order":0,"template":"","property_type":[],"property_status":[],"property_feature":[502,472,499,210,508,523,535,511,487,559,520,481,496,556,550,484],"property_label":[],"property_state":[],"property_city":[],"class_list":["post-125559","property","type-property","status-publish","has-post-thumbnail","hentry","property_feature-appareils-menagers","property_feature-armoires-encastrees","property_feature-chauffage","property_feature-climatisation","property_feature-eau-chaude","property_feature-four","property_feature-frigo","property_feature-internet-fr","property_feature-lave-vaisselle","property_feature-machine-a-laver","property_feature-micro-ondes","property_feature-piscine-commune","property_feature-seche-cheveux","property_feature-terrasse","property_feature-tv-fr","property_feature-zone-communautaire"],"property_meta":{"fave_property_price":["275000"],"fave_property_price_postfix":[""],"fave_show_price_placeholder":["0"],"fave_property_price_placeholder":[""],"fave_property_price_prefix":[""],"fave_property_sec_price":[""],"fave_property_size":["87"],"fave_property_size_prefix":["m\u00b2"],"fave_property_land":[""],"fave_property_land_postfix":["m\u00b2"],"fave_property_bedrooms":["2"],"fave_property_bathrooms":["1"],"fave_property_garage":[""],"fave_property_garage_size":[""],"fave_property_year":["1999"],"fave_property_id":["125559"],"fave_video_url":[""],"fave_property_images":["125527","125531","125535","125539","125543","125547","125551","125555"],"_thumbnail_id":["125527"],"fave_property_zip":["03726"],"additional_features":["a:1:{i:0;a:2:{s:29:\"fave_additional_feature_title\";s:0:\"\";s:29:\"fave_additional_feature_value\";s:0:\"\";}}"],"fave_additional_features_enable":["enable"],"floor_plans":[""],"fave_multi_units":[""],"fave_featured":["1"],"houzez_featured_listing_date":["2026-04-24 08:21:06"],"fave_loggedintoview":["0"],"fave_mortgage_cal":["0"],"fave_property_disclaimer":[""],"fave_energy_class":[""],"fave_energy_global_index":[""],"fave_renewable_energy_global_index":[""],"fave_energy_performance":[""],"fave_epc_current_rating":[""],"fave_epc_potential_rating":[""],"fave_payment_status":["not_paid"],"fave_agent_display_option":["author_info"],"fave_property_map_address":["Calle Vistamar, Pueblo Panorama, Benitachell, La Marina Alta, Alicante, Communaut\u00e9 Valencienne, 03726, Espagne"],"fave_property_address":["Calle Vistamar, Pueblo Panorama, Benitachell, La Marina Alta, Alicante, Communaut\u00e9 Valencienne, 03726, Espagne"],"_wpml_word_count":["296"],"houzez_total_property_views":["14"],"houzez_views_by_date":["a:4:{s:10:\"04-24-2026\";i:5;s:10:\"04-25-2026\";i:4;s:10:\"04-26-2026\";i:3;s:10:\"04-30-2026\";i:2;}"],"houzez_recently_viewed":["2026-04-30 02:46:33"],"_elementor_page_assets":["a:0:{}"]},"_links":{"self":[{"href":"https:\/\/seadream.es\/fr\/wp-json\/wp\/v2\/properties\/125559","targetHints":{"allow":["GET"]}}],"collection":[{"href":"https:\/\/seadream.es\/fr\/wp-json\/wp\/v2\/properties"}],"about":[{"href":"https:\/\/seadream.es\/fr\/wp-json\/wp\/v2\/types\/property"}],"author":[{"embeddable":true,"href":"https:\/\/seadream.es\/fr\/wp-json\/wp\/v2\/users\/3"}],"version-history":[{"count":0,"href":"https:\/\/seadream.es\/fr\/wp-json\/wp\/v2\/properties\/125559\/revisions"}],"wp:featuredmedia":[{"embeddable":true,"href":"https:\/\/seadream.es\/fr\/wp-json\/wp\/v2\/media\/125527"}],"wp:attachment":[{"href":"https:\/\/seadream.es\/fr\/wp-json\/wp\/v2\/media?parent=125559"}],"wp:term":[{"taxonomy":"property_type","embeddable":true,"href":"https:\/\/seadream.es\/fr\/wp-json\/wp\/v2\/property_type?post=125559"},{"taxonomy":"property_status","embeddable":true,"href":"https:\/\/seadream.es\/fr\/wp-json\/wp\/v2\/property_status?post=125559"},{"taxonomy":"property_feature","embeddable":true,"href":"https:\/\/seadream.es\/fr\/wp-json\/wp\/v2\/property_feature?post=125559"},{"taxonomy":"property_label","embeddable":true,"href":"https:\/\/seadream.es\/fr\/wp-json\/wp\/v2\/property_label?post=125559"},{"taxonomy":"property_state","embeddable":true,"href":"https:\/\/seadream.es\/fr\/wp-json\/wp\/v2\/property_state?post=125559"},{"taxonomy":"property_city","embeddable":true,"href":"https:\/\/seadream.es\/fr\/wp-json\/wp\/v2\/property_city?post=125559"}],"curies":[{"name":"wp","href":"https:\/\/api.w.org\/{rel}","templated":true}]}}

Appartement à vendre &#8211; Calle Vistamar

<div class="commentsContainer" data-url="/ajax/comment.ajax">
<div class="comment">
<div class="adCommentsLanguage expandable" data-compressed-max-length="1650">
<p>**Superbe appartement avec vue mer panoramique à vendre! **</p>
<p>Découvrez ce bien exceptionnel situé dans une zone résidentielle prisée, offrant une vue imprenable sur la mer. Avec ses 87 m², cet appartement lumineux comprend deux chambres confortables, idéales pour se reposer après une longue journée. La cuisine fonctionnelle est parfaite pour préparer de délicieux repas, tandis que la salle de bain bien agencée ajoute une touche de confort.</p>
<p>Le bien est en bon état et dispose d&#8217;armoires encastrées pour un rangement optimal. Profitez également d&#8217;un débarras pratique pour stocker vos affaires. La climatisation réversible vous garantit un confort tout au long de l&#8217;année, et le chauffage par pompe à chaleur électrique assure une efficacité énergétique.</p>
<p>En plus de ses atouts intérieurs, cet appartement bénéficie d&#8217;un accès à une piscine communautaire pour des moments de détente sous le soleil. Un parking est également inclus pour votre commodité. Situé à proximité de toutes les commodités et magasins, cet appartement est idéal pour ceux qui recherchent un cadre de vie agréable et pratique.</p>
<p>Ne manquez pas cette opportunité unique d&#8217;acquérir un bien rare avec une vue à couper le souffle. Contactez-nous dès aujourd&#8217;hui pour organiser une visite!</p>
</div>
</div>
</div>
<section id="details" class="details-box">
<div id="profile-qualification-banner" class="profile-qualification"></div>
<div id="profile-qualification-creation-flow" class="profile-qualification"></div>
<div class="details-property">
<div class="details-property-feature-one">
<h2 class="details-property-h2">Caractéristiques</h2>
<div class="details-property_features">
<ul>
<li>Surface construite 87 m²</li>
<li>2 chambres</li>
<li>1 salle de bains</li>
<li>Terrasse</li>
<li>D&#8217;occasion/en bon état</li>
<li>Armoires encastrées</li>
<li>Box de stockage</li>
<li>Orientation ouest</li>
<li>Construit en 1999</li>
<li>Chauffage individuel: Éléctrique</li>
</ul>
</div>
<h2 class="details-property-h2">Immeuble</h2>
<div class="details-property_features">
<ul>
<li>Entresol logement sur rue</li>
<li>Sans ascenseur</li>
</ul>
</div>
</div>
<div class="details-property-feature-two">
<h2 class="details-property-h2">Équipement</h2>
<div class="details-property_features">
<ul>
<li>Climatisation</li>
<li>Piscine</li>
</ul>
</div>
<h2 class="details-property-h2">Diagnostic de performance énergétique</h2>
<div class="details-property_features">
<ul>
<li style="list-style-type: none">
<ul>
<li>Consommation: <span class="icon-energy-c-d">99 kWh/m² an</span></li>
<li>Émissions: <span class="icon-energy-c-d">99 kg CO2/m² an</span></li>
</ul>
</li>
</ul>
<div class="energy-certificate-dropdown"></div>
</div>
</div>
</div>
</section>

<p>**Superbe appartement avec vue mer panoramique à vendre! ** Découvrez ce bien exceptionnel situé dans une zone résidentielle prisée, offrant une vue imprenable sur la mer. Avec ses 87 m², cet appartement lumineux comprend deux chambres confortables, idéales pour se reposer après une longue journée. La cuisine fonctionnelle est parfaite pour préparer de délicieux repas, [&hellip;]</p>

Calle Vistamar, Pueblo Panorama, Benitachell, La Marina Alta, Alicante, Communauté Valencienne, 03726, Espagne
