{"id":125842,"date":"2026-04-24T08:21:05","date_gmt":"2026-04-24T07:21:05","guid":{"rendered":"https:\/\/seadream.es\/property\/piso-en-venta-calle-vistamar\/"},"modified":"2026-04-24T08:21:05","modified_gmt":"2026-04-24T07:21:05","slug":"piso-en-venta-calle-vistamar","status":"publish","type":"property","link":"https:\/\/seadream.es\/es\/property\/piso-en-venta-calle-vistamar\/","title":{"rendered":"Piso en venta &#8211; Calle Vistamar"},"content":{"rendered":"<div class=\"commentsContainer\" data-url=\"\/ajax\/comment.ajax\">\n<div class=\"comment\">\n<div class=\"adCommentsLanguage expandable\" data-compressed-max-length=\"1650\">\n<p>**\u00a1Se vende magn\u00edfico piso con vistas panor\u00e1micas al mar! **<\/p>\n<p>Descubre esta excepcional propiedad situada en una codiciada zona residencial, que ofrece impresionantes vistas al mar. De 87 m\u00b2, este luminoso piso dispone de dos c\u00f3modos dormitorios, ideales para relajarse tras un largo d\u00eda. La funcional cocina es perfecta para preparar deliciosas comidas, mientras que el cuarto de ba\u00f1o, bien equipado, a\u00f1ade un toque de comodidad.  <\/p>\n<p>La vivienda est\u00e1 en buen estado y tiene armarios empotrados para un almacenamiento \u00f3ptimo. Tambi\u00e9n hay un pr\u00e1ctico trastero para tus pertenencias. El aire acondicionado reversible garantiza el confort durante todo el a\u00f1o, y la calefacci\u00f3n el\u00e9ctrica con bomba de calor asegura la eficiencia energ\u00e9tica.  <\/p>\n<p>Adem\u00e1s de sus caracter\u00edsticas interiores, este piso tiene acceso a una piscina comunitaria para relajarse al sol. Tambi\u00e9n incluye aparcamiento para tu comodidad. Situado cerca de todos los servicios y comercios, este piso es ideal para quienes buscan un entorno de vida agradable y pr\u00e1ctico.  <\/p>\n<p>No te pierdas esta oportunidad \u00fanica de adquirir una propiedad excepcional con unas vistas impresionantes. Ponte en contacto con nosotros hoy mismo para concertar una visita. <\/p>\n<\/div>\n<\/div>\n<\/div>\n<section id=\"details\" class=\"details-box\">\n<div id=\"profile-qualification-banner\" class=\"profile-qualification\"><\/div>\n<div id=\"profile-qualification-creation-flow\" class=\"profile-qualification\"><\/div>\n<div class=\"details-property\">\n<div class=\"details-property-feature-one\">\n<h2 class=\"details-property-h2\">Caracter\u00edsticas<\/h2>\n<div class=\"details-property_features\">\n<ul>\n<li>Superficie construida 87 m\u00b2<\/li>\n<li>2 habitaciones<\/li>\n<li>1 ba\u00f1o<\/li>\n<li>Terraza<\/li>\n<li>Usado\/en buen estado<\/li>\n<li>Armarios empotrados<\/li>\n<li>Cajas de almacenaje<\/li>\n<li>Orientaci\u00f3n oeste<\/li>\n<li>Construido en 1999<\/li>\n<li>Calefacci\u00f3n individual: El\u00e9ctrica<\/li>\n<\/ul>\n<\/div>\n<h2 class=\"details-property-h2\">Edificio<\/h2>\n<div class=\"details-property_features\">\n<ul>\n<li>Piso a pie de calle<\/li>\n<li>Sin ascensor<\/li>\n<\/ul>\n<\/div>\n<\/div>\n<div class=\"details-property-feature-two\">\n<h2 class=\"details-property-h2\">Equipo<\/h2>\n<div class=\"details-property_features\">\n<ul>\n<li>Aire acondicionado<\/li>\n<li>Piscina<\/li>\n<\/ul>\n<\/div>\n<h2 class=\"details-property-h2\">Diagn\u00f3stico del rendimiento energ\u00e9tico<\/h2>\n<div class=\"details-property_features\">\n<ul>\n<li style=\"list-style-type: none\">\n<ul>\n<li>Consumo: <span class=\"icon-energy-c-d\">99 kWh\/m\u00b2 a\u00f1o<\/span><\/li>\n<li>Emisiones: <span class=\"icon-energy-c-d\">99 kg CO2\/m\u00b2 a\u00f1o<\/span><\/li>\n<\/ul>\n<\/li>\n<\/ul>\n<div class=\"energy-certificate-dropdown\"><\/div>\n<\/div>\n<\/div>\n<\/div>\n<\/section>\n","protected":false},"excerpt":{"rendered":"<p>**\u00a1Se vende magn\u00edfico piso con vistas panor\u00e1micas al mar! ** Descubre esta excepcional propiedad situada en una codiciada zona residencial, que ofrece impresionantes vistas al mar. De 87 m\u00b2, este luminoso piso dispone de dos c\u00f3modos dormitorios, ideales para relajarse tras un largo d\u00eda. La funcional cocina es perfecta para preparar deliciosas comidas, mientras que [&hellip;]<\/p>\n","protected":false},"author":3,"featured_media":125530,"parent":0,"menu_order":0,"template":"","property_type":[],"property_status":[],"property_feature":[669,654,636,648,633,675,684,696,693,699,678,717,735,744,741,747],"property_label":[],"property_state":[],"property_city":[],"class_list":["post-125842","property","type-property","status-publish","has-post-thumbnail","hentry","property_feature-agua-caliente","property_feature-aire-acondicionado","property_feature-armarios-empotrados","property_feature-calefaccion","property_feature-electrodomesticos","property_feature-horno","property_feature-internet-es","property_feature-lavadora","property_feature-lavavajillas","property_feature-microondas","property_feature-nevera","property_feature-piscina-comunitaria","property_feature-secador-de-pelo","property_feature-terraza","property_feature-tv-es","property_feature-zona-comunitaria"],"property_meta":{"_last_translation_edit_mode":["translation-editor"],"fave_featured":["1"],"houzez_featured_listing_date":["2026-05-01 11:26:39"],"fave_property_images":["125527","125531","125535","125539","125543","125547","125551","125555"],"_top_nav_excluded":[""],"_cms_nav_minihome":[""],"fave_property_price":["275000"],"fave_property_size":["87"],"fave_property_size_prefix":["m\u00b2"],"fave_property_land_postfix":["m\u00b2"],"fave_property_bedrooms":["2"],"fave_property_bathrooms":["1"],"fave_property_year":["1999"],"fave_property_id":["125842"],"fave_property_map_address":["Calle Vistamar, Pueblo Panorama, Benitachell, La Marina Alta, Alicante, Comunidad Valenciana, 03726, Espa\u00f1a"],"fave_property_address":["Calle Vistamar, Pueblo Panorama, Benitachell, La Marina Alta, Alicante, Comunidad Valenciana, 03726, Espa\u00f1a"],"fave_property_zip":["03726"],"fave_agent_display_option":["autor_info"],"additional_features":["a:1:{i:0;a:2:{s:29:\"fave_additional_feature_title\";s:0:\"\";s:29:\"fave_additional_feature_value\";s:0:\"\";}}"],"_thumbnail_id":["125530"],"_wpml_word_count":["276"],"houzez_total_property_views":["2"],"houzez_views_by_date":["a:2:{s:10:\"05-01-2026\";i:1;s:10:\"05-02-2026\";i:1;}"],"houzez_recently_viewed":["2026-05-02 11:03:02"],"_elementor_page_assets":["a:0:{}"]},"_links":{"self":[{"href":"https:\/\/seadream.es\/es\/wp-json\/wp\/v2\/properties\/125842","targetHints":{"allow":["GET"]}}],"collection":[{"href":"https:\/\/seadream.es\/es\/wp-json\/wp\/v2\/properties"}],"about":[{"href":"https:\/\/seadream.es\/es\/wp-json\/wp\/v2\/types\/property"}],"author":[{"embeddable":true,"href":"https:\/\/seadream.es\/es\/wp-json\/wp\/v2\/users\/3"}],"version-history":[{"count":0,"href":"https:\/\/seadream.es\/es\/wp-json\/wp\/v2\/properties\/125842\/revisions"}],"wp:featuredmedia":[{"embeddable":true,"href":"https:\/\/seadream.es\/es\/wp-json\/wp\/v2\/media\/125530"}],"wp:attachment":[{"href":"https:\/\/seadream.es\/es\/wp-json\/wp\/v2\/media?parent=125842"}],"wp:term":[{"taxonomy":"property_type","embeddable":true,"href":"https:\/\/seadream.es\/es\/wp-json\/wp\/v2\/property_type?post=125842"},{"taxonomy":"property_status","embeddable":true,"href":"https:\/\/seadream.es\/es\/wp-json\/wp\/v2\/property_status?post=125842"},{"taxonomy":"property_feature","embeddable":true,"href":"https:\/\/seadream.es\/es\/wp-json\/wp\/v2\/property_feature?post=125842"},{"taxonomy":"property_label","embeddable":true,"href":"https:\/\/seadream.es\/es\/wp-json\/wp\/v2\/property_label?post=125842"},{"taxonomy":"property_state","embeddable":true,"href":"https:\/\/seadream.es\/es\/wp-json\/wp\/v2\/property_state?post=125842"},{"taxonomy":"property_city","embeddable":true,"href":"https:\/\/seadream.es\/es\/wp-json\/wp\/v2\/property_city?post=125842"}],"curies":[{"name":"wp","href":"https:\/\/api.w.org\/{rel}","templated":true}]}}

<div class="commentsContainer" data-url="/ajax/comment.ajax">
<div class="comment">
<div class="adCommentsLanguage expandable" data-compressed-max-length="1650">
<p>**¡Se vende magnífico piso con vistas panorámicas al mar! **</p>
<p>Descubre esta excepcional propiedad situada en una codiciada zona residencial, que ofrece impresionantes vistas al mar. De 87 m², este luminoso piso dispone de dos cómodos dormitorios, ideales para relajarse tras un largo día. La funcional cocina es perfecta para preparar deliciosas comidas, mientras que el cuarto de baño, bien equipado, añade un toque de comodidad.  </p>
<p>La vivienda está en buen estado y tiene armarios empotrados para un almacenamiento óptimo. También hay un práctico trastero para tus pertenencias. El aire acondicionado reversible garantiza el confort durante todo el año, y la calefacción eléctrica con bomba de calor asegura la eficiencia energética.  </p>
<p>Además de sus características interiores, este piso tiene acceso a una piscina comunitaria para relajarse al sol. También incluye aparcamiento para tu comodidad. Situado cerca de todos los servicios y comercios, este piso es ideal para quienes buscan un entorno de vida agradable y práctico.  </p>
<p>No te pierdas esta oportunidad única de adquirir una propiedad excepcional con unas vistas impresionantes. Ponte en contacto con nosotros hoy mismo para concertar una visita. </p>
</div>
</div>
</div>
<section id="details" class="details-box">
<div id="profile-qualification-banner" class="profile-qualification"></div>
<div id="profile-qualification-creation-flow" class="profile-qualification"></div>
<div class="details-property">
<div class="details-property-feature-one">
<h2 class="details-property-h2">Características</h2>
<div class="details-property_features">
<ul>
<li>Superficie construida 87 m²</li>
<li>2 habitaciones</li>
<li>1 baño</li>
<li>Terraza</li>
<li>Usado/en buen estado</li>
<li>Armarios empotrados</li>
<li>Cajas de almacenaje</li>
<li>Orientación oeste</li>
<li>Construido en 1999</li>
<li>Calefacción individual: Eléctrica</li>
</ul>
</div>
<h2 class="details-property-h2">Edificio</h2>
<div class="details-property_features">
<ul>
<li>Piso a pie de calle</li>
<li>Sin ascensor</li>
</ul>
</div>
</div>
<div class="details-property-feature-two">
<h2 class="details-property-h2">Equipo</h2>
<div class="details-property_features">
<ul>
<li>Aire acondicionado</li>
<li>Piscina</li>
</ul>
</div>
<h2 class="details-property-h2">Diagnóstico del rendimiento energético</h2>
<div class="details-property_features">
<ul>
<li style="list-style-type: none">
<ul>
<li>Consumo: <span class="icon-energy-c-d">99 kWh/m² año</span></li>
<li>Emisiones: <span class="icon-energy-c-d">99 kg CO2/m² año</span></li>
</ul>
</li>
</ul>
<div class="energy-certificate-dropdown"></div>
</div>
</div>
</div>
</section>

<p>**¡Se vende magnífico piso con vistas panorámicas al mar! ** Descubre esta excepcional propiedad situada en una codiciada zona residencial, que ofrece impresionantes vistas al mar. De 87 m², este luminoso piso dispone de dos cómodos dormitorios, ideales para relajarse tras un largo día. La funcional cocina es perfecta para preparar deliciosas comidas, mientras que [&hellip;]</p>

Calle Vistamar, Pueblo Panorama, Benitachell, La Marina Alta, Alicante, Comunidad Valenciana, 03726, España
